3
Let m(d) be the third derivative of -1/6*d**4 + 1/3*d**3 + 0*d + 8*d**2 + 0. Give m(3).
-10
Suppose 4*q - 8 = t, -21*t + 25*t + 2*q - 4 = 0. Let g(f) = -f**2 + f - 3. Calculate g(t).
-3
Let x(d) = -d**3 + 3*d**2 + d - 3. Let k be x(3). Let b(j) = -3*j**2 + 2*j**2 - 2 + k + 7*j. Give b(6).
4
Let t(i) = 2*i - 38. Suppose -170 - 476 = -34*g. Give t(g).
0
Let q(r) = -1. Let s(j) = j**2 - 5*j - 5. Let x(c) = -3*q(c) + s(c). Suppose 5*a + 66 = u, -a - 37 = -2*u + 59. Let f = u - 40. Determine x(f).
4
Let v(m) = 2*m. Let q be (-18)/(-48) - (-221)/8. Suppose 5*g + 3 = q. Suppose 0 = b + 2, 0*r + 1 = 3*r - g*b. Determine v(r).
-6
Suppose -12*a + 10*a = 24. Let t(n) = 6*n + 6. Let j(o) = -5*o - 8. Let c(w) = -5*j(w) - 4*t(w). Calculate c(a).
4
Let p(x) = 192*x**3 - 7*x**2 - 12*x - 193*x**3 - 5*x**2 - 2 - 2. Determine p(-11).
7
Let v(i) = -i**2 + i - 1. Let y = 31 + 5. Suppose 2*o - 30 = -y. What is v(o)?
-13
Let m(o) = 1 + 4*o**2 - 2*o + 649*o**3 - 650*o**3 - 1 - 2. Let a be ((-10)/(-3))/(1/3). Suppose a = 4*u - 2. What is m(u)?
1
Let c(n) = -n**2 + 4*n. Suppose 2*b + 14 = 3*v + v, -2*b + 2*v - 6 = 0. Let q be 3 + -8 - (b - 11). What is c(q)?
-5
Let f(q) = q**2 + 8. Let l(p) = -p**3 - 38*p**2 - 69*p + 101. Let c be l(-36). Determine f(c).
57
Let j(p) be the third derivative of 7*p**6/720 + p**5/120 + 17*p**4/24 - 6*p**2. Let k(v) be the second derivative of j(v). Let m be 2/2 + 2*-1. Determine k(m).
-6
Let u(k) = -4*k + k**2 - 4 + 1 + k**3 + 2*k**2. Suppose 6*r - r - 4*q = 68, 5*r - 77 = q. Suppose r = -6*x + 4. Calculate u(x).
9
Let l be -2 + 3 - (-16 + 14). Let y(j) be the second derivative of 5*j**3/6 + j**2 - 5*j. Calculate y(l).
17
Let g(v) = -5 + 2 + v - 2. Suppose 15*o - 155 = -16*o. Determine g(o).
0
Let q(j) = 16*j + 2*j**3 - 34*j + 17*j + 1 + 2*j**2 - 4 + 4. Calculate q(-3).
-32
Let s(w) = -118*w + 115*w - 32*w**3 + 31*w**3 - 1 - 2*w**2. Give s(-2).
5
Let u be (-1)/(1/(-60)) - 0/(-4). Let q = 55 - u. Let j(r) = r**2 + 5*r + 3. Calculate j(q).
3
Suppose 0 = -4*b + 5*b + 5*k + 3, 4*k + 4 = 0. Suppose 2*x - 6*x = 0. Let c(v) = x*v**2 - 1 - 2*v**b + v**2 - 3*v. What is c(-3)?
-1
Let u(t) be the third derivative of t**5/60 + t**4/24 + 2*t**3/3 - 387*t**2. What is u(-6)?
34
Let v(r) = -2*r**2. Let y(x) = -3*x**2 - 4*x + 4. Let m(k) = -v(k) + y(k). What is m(-5)?
-1
Let v(r) = r - 4. Suppose 0 = -l + 23 - 15. Determine v(l).
4
Let u(l) = 2*l**2 - 18*l - 18. Let y be u(10). Let f(s) = 53 + y*s**3 - 7*s - 51 + 6*s**2 - s**3 - s**2. Suppose 0 = d + 2*d + 18. What is f(d)?
8
Suppose q + 3*q + 17 = -5*x, 4*x + 1 = q. Let w = -3 - x. Let l(s) = -6*s - 2. What is l(w)?
10
Suppose -7*u + 40 = -5*u. Let c(i) = 7*i + u*i - 9*i + 2*i**2 + 24 - 5*i**2. Let f(j) = 2*j**2 - 12*j - 16. Let w(b) = -5*c(b) - 8*f(b). Calculate w(6).
8
Let z(l) = -l**2 + 4*l. Suppose -4*v - 9 = -5*v - 2*n, -n + 15 = 2*v. Calculate z(v).
-21
Let s(m) = 10 - 2*m**3 + 4*m - 6*m + 8*m**2 + m**3 - 3*m - 4*m. What is s(7)?
-4
Let z be ((-3)/6)/(2*(-2)/(-8)). Let f be ((-6)/(-10))/((-2)/(-10)). Let j(o) = f*o**2 + o**3 + o - 3*o**3 - 2*o**2. What is j(z)?
2
Let a(v) = -v - 4. Let x be a(-6). Let m(l) = -1 + l**3 + 0*l + 5*l**x + 5*l**2 - 5*l**2 + 2*l. Let f be 0 + (-2)/(-2)*(-21)/7. What is m(f)?
11
Let v(c) be the third derivative of -c**5/60 + c**4/3 - 5*c**3/6 - c**2. Let s be v(8). Let u be s*2*3/(-6). Let l(h) = h + 3. What is l(u)?
8
Let t(r) = -r**2 - 3*r + 3. Let g be ((-2 - -1) + (-30)/(-24))*8. Suppose 0*o + 3*o - 21 = 3*u, g*o = -u - 1. Determine t(u).
-7
Let t(a) = 8 - a + a**3 + 2*a**2 - 7 + 3*a. Let s(i) = i + 1. Let u(o) = -4*o**3 + o. Let d be u(1). Let g be s(d). What is t(g)?
-3
Let g(c) = -c**3 - 3*c**2 + 2. Let j(b) = -b**3 + 4*b**2 + 5*b + 3. Let d be j(5). Let k be 6/(-2) - (0 - d). Suppose -6*s = 12 - k. What is g(s)?
-2
Let c(y) = 3*y - 6 + 6 - 4*y - 45 - y**3 - y**2. What is c(0)?
-45
Let o(c) be the first derivative of c**4/4 + 5*c**3/3 + c**2 + 7*c - 971. Suppose 4*x - 4*f = x - 23, -2*f + 29 = -5*x. Determine o(x).
-3
Let z(v) be the second derivative of 1/2*v**2 + 0 - 5*v - 2/3*v**3 - 1/20*v**5 + 1/2*v**4. What is z(5)?
6
Let i(w) = -w**3 - 12*w**2 - 12*w - 12. Let m be (-67)/6 - (1 - (-28)/(-24)). Give i(m).
-1
Let d(r) = -1 - 653*r - 32*r**3 + 653*r. Determine d(1).
-33
Let k be 2/(-4) - 13/2. Let h(v) = v**2 + 8*v + 9. Give h(k).
2
Let j(k) = -2*k**2 - 52*k - 7. Let r be j(-26). Let u(i) = i**3 + 5*i**2 - 8*i + 3. Determine u(r).
-39
Suppose 4*q + z = 3*z, 3*z = -3*q + 18. Suppose -q*v = -7*v + 10. Let a(m) = 2*m + 0*m + m + v - 4*m. Give a(5).
-3
Let v(t) = 97 + 101 + t - 198. Calculate v(1).
1
Let i(h) = -h**3 - 6*h**2 + 5*h + 1. Let v = -123 - -117. Determine i(v).
-29
Let w(t) be the first derivative of 7*t**3/3 + t**2/2 + 67. What is w(-1)?
6
Suppose 2*s = -4*s - 4*s. Suppose -7*t + s*t = 7. Let b(q) = -19*q - 1. What is b(t)?
18
Let b(s) = -s**3 - 1. Let t = -116 - -116. Suppose 4*n + 5*r = 21, t = -7*n + 8*n + 5*r - 24. What is b(n)?
0
Let r(g) = g**3 - 3*g**2 - 54*g - 18. Let t be r(9). Let x(w) = -w**2 - 18*w + 8. Give x(t).
8
Let h(x) be the third derivative of x**4/12 - 2*x**3 - 2*x**2. Suppose 4*o - 2*o + 3*v + 15 = 0, -3*o - 10 = 2*v. Suppose p - 13 + 5 = o. Give h(p).
4
Let r(i) = -i**3 + 3*i**2 - 1. Suppose 5 = 5*h - w, 3*w + 0*w = -2*h + 2. Suppose 3*s - 7 = -h. Give r(s).
3
Suppose 2*i + 6 = -t, 2*t + 0*t = -3*i - 9. Let j(f) = f**3 + f + 14. Give j(t).
14
Let z(b) = -7*b**3 + b. Let x be z(1). Let j be 2/(-4)*(21 + -21). Let l(m) = 4*m**2 + j*m**3 - 1 - m**3 + 2*m**2 + 2*m**3. Determine l(x).
-1
Let g(l) = -l. Let p(i) be the first derivative of -2*i**2 - 16*i - 4. Let t(s) = -3*g(s) + p(s). Determine t(-11).
-5
Let f(t) be the second derivative of -t**5/20 - t**4/2 - 2*t**3/3 - 3*t**2/2 - 5*t. Let q be ((-45)/(-27))/(3/(-9)). Give f(q).
-8
Let i(w) = w**2 - 4*w. Let k be i(5). Let q(s) = k*s - 1 - 14*s**2 - 1 + 13*s**2. Suppose 6*d = 4 + 32. Calculate q(d).
-8
Let g be (25/20)/(2/8). Suppose 12 = s + 5*i, -3*i - g = -4*s - 3. Let u(w) = -14 + 0*w + s*w + 13. Determine u(4).
7
Let v be (18/(-15))/(6/30). Let u(a) = 15 - 20 + 0*a + a - 2*a. Give u(v).
1
Let f(j) = -16*j - 9*j**2 - 18*j - 11 - j**3 + 25*j. Calculate f(-8).
-3
Let a(w) = -17*w**2 - 5*w + 19. Let u(r) = -13*r**2 - 5*r + 19. Let k(o) = -3*a(o) + 4*u(o). Give k(-8).
-5
Suppose -24*f + 2 = -23*f. Suppose 2*g + 4 = -p, -20 = -7*p + f*p. Let c(o) be the first derivative of o**2 - 3*o - 2. Give c(g).
-11
Let s(w) = -w**2 - 5*w + 5. Let k be s(-5). Let y(h) = h - h - k*h - 2*h - 1. What is y(-2)?
13
Let p(x) = 10*x**2 + 69*x**3 - 34*x**3 - 34*x**3 + 7. Give p(-10).
7
Let l = 712 - 727. Let c(i) = i**2 + 13*i + 4. What is c(l)?
34
Let m(u) be the first derivative of -6*u**3 - u**2 + u - 86. Determine m(1).
-19
Let g(q) = 76 - 7*q + q**2 - 47 - 38. Give g(6).
-15
Suppose 5*o = -l + 24, -2*o + 2 = 4*l - 4. Let v = l - -2. Let w(d) be the third derivative of -d**4/12 + d**3/6 + 600*d**2. Determine w(v).
-1
Suppose -10*k = -263 - 107. Let d(g) = -k + 20 + 14 + 3*g. What is d(6)?
15
Let n(i) = -4*i + 42. Let r be n(11). Let c(p) = p + 3. Calculate c(r).
1
Let d(a) = -a**3 - 10*a**2 + 10*a - 7. Let m = 0 - 202. Let p be (-6)/(-27) - m/(-36)*2. Calculate d(p).
4
Let i(x) = -x**3 - 8*x**2 - x + 10. Let p(l) = -l - 1. Let u(o) = -i(o) - 6*p(o). Suppose -5*q = -2*w + 41, q = -5*w + 10 - 2. Determine u(q).
-4
Let r(n) be the first derivative of -n**4/4 - 5*n**3/3 - n**2 - 10. What is r(-5)?
10
Let i(g) = 4 + g - 3*g**2 + 5*g**2 + 0*g**2 - g**2. Let w be (0 + 0)*(-21)/21. What is i(w)?
4
Let k(z) = 2*z. Let g(h) = -h**2 + 6*h + 11. Let u(i) = -i**3 + 2*i**2 + 6*i - 1. Let s be u(3). Let d be g(s). Give k(d).
-10
Let c = -3 - 5. Let h be ((-2)/8)/(c/(-32)). Let s(d) = -8*d**3 - 2*d**2 - d. Determine s(h).
7
Let g(f) = -4*f**2 + 17*f + 11. Let k(o) = o**2 - o + 1. Let x(d) = g(d) + 5*k(d). Calculate x(-11).
5
Let r(a) = -a**2 + 13*a + 13. Suppose -29*d = 19*d - 576. Give r(d).
25
Suppose -26*g = -30*g + 2*m - 4, -2*m + 8 = 0. Let n(a) = a**3 - a**2 + a - 2. Determine n(g).
-1
Let o(m) be the first derivative of -3*m**2/2 - 12*m - 14. Calculate o(-4).
0
Let g(r) = 2*r**2 - 6*r - 3. Let x(l) = -l**2 + 6*l + 3. Let n(j) = 2*g(j) + 3*x(j). Let v(i) = i**3 - 5*i**2 + 4*i - 4. Let p be v(4). Determine